the greatest common divisor of m and 56.
28
Let a = 47 + -195. Let g be a/(-74)*-1*(0 - -1). Let q be (g - 2)/((30/(-55))/6). What is the greatest common factor of 44 and q?
44
Let l be 0/(-7) + -9 + 501. Let a be 822/10 + (-22)/110. What is the greatest common divisor of a and l?
82
Let b(o) = 2 + 6*o**2 + 2*o**2 - 4*o**2 + 3*o. Let s = 207 - 202. Let k be b(s). What is the highest common divisor of k and 13?
13
Let i be 2 + 7665/27 + (-1)/(-9) + -1. Calculate the greatest common factor of i and 133.
19
Let d be (-3 - 9)/(3/(-10)). Suppose 63 = -20*z - 17. Let o be (-1)/((-1 - -6)/(-5)) - z. What is the greatest common factor of d and o?
5
Suppose -3*n + 1382 = 7*m - 3*m, 0 = -5*m + 25. Let s = n - 445. What is the greatest common divisor of s and 12?
3
Let r be -1 + 914/14 - (-10)/(-35). Suppose 63*j + 81 = r*j. What is the highest common factor of j and 36?
9
Let c = -7724 + 8332. Calculate the greatest common factor of 3 and c.
1
Suppose 122*c + 4576 = 144*c. What is the highest common factor of c and 144?
16
Let f be 615/21 + (-4)/14. Suppose -4981 + 47543 + 8159 = 159*w. What is the greatest common factor of w and f?
29
Let o be (-21)/2352*-14 - 6*243/16. Suppose 0 = 2*i + 2*i + 416. Let j = o - i. What is the greatest common divisor of 52 and j?
13
Let g = -26203 - -29122. What is the highest common divisor of g and 21?
21
Let x(w) = 19*w - 180. Let i be 1 + (17 - 2) + -6. Let p be x(i). What is the highest common divisor of 5 and p?
5
Let n(z) = z**2 - 5*z - 4. Let b be n(7). Suppose -5*u + b = 0, 5*s - 110*u - 146 = -108*u. What is the highest common factor of s and 35?
5
Suppose 2*r - 3*t - 39 = 0, 4*r - t - t - 66 = 0. Let m be 12/(3/(r/2)). Let v(z) = 3*z - 2. Let x be v(4). What is the greatest common divisor of m and x?
10
Let t = 3067 - 2987. Suppose 4*g + g + 70 = 0. Let l be ((-720)/42)/(2/g). What is the greatest common factor of t and l?
40
Suppose 5*r + 4026*g = 4028*g + 102, -5*g - 103 = -3*r. Let a = 164 + 20. Calculate the greatest common divisor of r and a.
8
Let w be (-2)/7 + (-39936)/(-2184). Let r(j) = 48*j + 6. Let a be r(7). Calculate the greatest common divisor of a and w.
18
Suppose 3*k + h = 837, -9*k - 2*h = -6*k - 837. Calculate the greatest common divisor of 27 and k.
9
Let t = -814 + 1294. Suppose -6*b + 1392 = t. What is the highest common divisor of 114 and b?
38
Suppose -4*w + 52 = 28. Let x be (w/6)/(1/202). Let j = x + -97. What is the greatest common divisor of 42 and j?
21
Suppose -567 = -4*v + 3*t, 635*t - 637*t = -5*v + 707. Calculate the highest common factor of v and 16027.
47
Suppose 38*s = 41*s - 1941. Suppose 7*j = -234 + s. Let i = -20 + j. What is the highest common factor of i and 3?
3
Let t = 156 - 1. Let s = 22761 + -22637. What is the highest common factor of s and t?
31
Let k(w) = 6*w**3 - 2*w**2 - 7*w + 3. Let j be k(3). Let t be ((-27)/9)/(256/(-84) + 3). What is the greatest common factor of t and j?
63
Let a = -17767 + 20953. What is the greatest common factor of a and 4071?
177
Suppose -4*s + 40 = s. Let k = 349 + -310. Let j = k - 31. Calculate the greatest common factor of j and s.
8
Let v = 222 - 222. Suppose -2*x = v, 7*r - 28 = 3*r - x. What is the highest common divisor of 91 and r?
7
Suppose -2*z + 446 = 3*w + 69, 2*z - 385 = 5*w. Suppose -z = 5*p - 2430. What is the greatest common divisor of p and 28?
28
Let z(q) = -192*q - 417. Let o be z(-7). Calculate the greatest common divisor of 45 and o.
9
Let q(y) be the first derivative of -y**3/3 + 6*y**2 - 12*y + 22. Let f be q(10). Suppose -f*w = -92 + 12. What is the highest common factor of w and 10?
10
Let l(c) = 6*c + 946. Let p be l(-81). Calculate the greatest common divisor of p and 40.
20
Let f(v) = 16*v**2 + 76*v - 10. Let g be f(-5). What is the highest common factor of g and 4390?
10
Suppose -18*l = -1345 - 185. Suppose 0 = -u + 3*i + 40, -104 = -3*u - 3*i + 4*i. Calculate the highest common divisor of l and u.
17
Let t(r) = -224*r + 952. Let o be t(4). Calculate the highest common factor of o and 3808.
56
Let g be 374/(-55)*5/(-1). Let j = g - -6. What is the highest common factor of 260 and j?
20
Let m = 53 - 79. Let s = m - -53. Let o = s + -10. Calculate the greatest common factor of 136 and o.
17
Suppose a = -5*v + 26, -3*v = 3*a - 28 + 10. Let n(d) = 1001*d + 4. Let j be n(a). Calculate the highest common factor of 15 and j.
15
Let l(n) = 40*n - 584. Let a be l(43). What is the greatest common factor of 213 and a?
71
Suppose 0 = w + 4*f + 12, -4*w - 7 = -3*f - 54. Let s = 6 - w. Let l be 2/(-16)*s - (-399)/4. What is the highest common factor of l and 25?
25
Let c(x) = x**3 + 11*x**2 - 11*x + 21. Let d be c(-12). Suppose 12*j - d = 3*j. What is the highest common factor of 8 and j?
1
Suppose -1905*t - u - 152 = -1907*t, 2*u = t - 97. Suppose 0 = l - 3, -5*s - 178 = -6*s + 2*l. Calculate the greatest common divisor of t and s.
23
Let k be 76/6 + (-4)/6. Let g(j) = -60*j + 233. Let u be g(-17). Let v = u - 1250. Calculate the highest common factor of k and v.
3
Suppose 0 = 80*x - 3051941 + 420821. What is the highest common divisor of 57 and x?
57
Let s = -2504 - -4860. Suppose -s = -11*c - 343. What is the greatest common divisor of 122 and c?
61
Let t be (-11 - (-50)/20)/((-1)/(-2)). Let s(j) = j**3 + 16*j**2 - 19*j - 31. Let m be s(t). Calculate the greatest common divisor of m and 12.
3
Let o = 76 - 31. Let m(f) = 599*f + 9589. Let h be m(-16). What is the highest common factor of o and h?
5
Let l be ((-8)/(-6) + 0)*(-11700)/(-24). Suppose 2*k - 2*r + r = 425, 3*k - 4*r = l. What is the highest common divisor of k and 45?
15
Let a(h) = -h**3 - 2*h**2 + 25*h + 71. Let c be a(-5). Suppose 0 = g + 4*g - 735. What is the highest common factor of g and c?
21
Let q(v) = 441*v**2 + 2*v + 2. Let f be q(-1). Let y = f - -7. Suppose -y = 17*x - 24*x. Calculate the highest common factor of x and 16.
16
Suppose 0 = 2*y - 5*s - 12, 3 = -2*y + 3*s + 15. Suppose 11623 + 2209 = -13*j. Let g = 1070 + j. What is the highest common factor of g and y?
6
Let c(b) = b**3 + 26*b**2 - 30*b + 68. Let n be c(14). Calculate the highest common factor of n and 26.
26
Let y(l) = -l**2 - 124*l - 3619. Let w be y(-76). Calculate the greatest common divisor of w and 19169.
29
Let o(k) = k - 27. Let i be o(0). Let z = i + 42. Let q(w) = 26*w + 1227. Let u be q(-47). What is the greatest common divisor of z and u?
5
Suppose 0 = 3*i - 7*i + 5*a + 4109, 5*i = -4*a + 5126. Suppose 39*p = -324 + i. Calculate the highest common divisor of 10 and p.
2
Let u = -7057 + 7118. Calculate the greatest common divisor of 1403 and u.
61
Let y be 1/6 - 115/(-30). Suppose 0 = 262*m - 258*m - 304. Calculate the highest common divisor of m and y.
4
Let v = -111 - -91. Let x(z) = -z + 70. Let b be x(v). Calculate the highest common factor of b and 72.
18
Let h(i) = i**2 + 231*i + 8886. Let p be h(-47). Let r(y) = 3*y**2 + 2*y - 2. Let w be r(2). What is the greatest common divisor of w and p?
14
Let q be -2*(-3 + (-2)/(-4)). Let x be ((-60)/50 - -1)*-25. Calculate the greatest common divisor of q and x.
5
Let z = 1284 + -464. Let m = z + -815. Suppose 3*n = n + 80. What is the highest common divisor of m and n?
5
Let h be ((15/6)/(15/(-36)))/(2/(-69)). What is the greatest common factor of 171 and h?
9
Suppose g + 4 - 1 = 0, 3*i - 5*g = 474. Suppose -18*u + 2817 + i = 0. Calculate the highest common factor of u and 33.
33
Let b = 694 - 608. Suppose -b = -20*l + 434. Suppose 0 = -h, -k = -2*h + 158 - 444. Calculate the highest common factor of l and k.
26
Let p = -4 + 12. Suppose j + 567 = -5*h, -4*h + 2*j = 257 + 205. Let v = -106 - h. What is the greatest common factor of p and v?
8
Let x(h) = -h**2 - h. Let l(o) = o**3 - 6*o - 14. Let n(i) = l(i) + 3*x(i). Let g be n(6). What is the highest common divisor of g and 40?
40
Let c be 2/4*-2 + -4*16. Let b = c + 205. Let x = 26 - -2. What is the highest common factor of b and x?
28
Let d = 372 - 278. Let y(t) = -328*t + 1. Let x be y(-1). Calculate the highest common factor of x and d.
47
Let t(g) = -g**2 - 7*g + 41. Let r be t(-10). Let c be 110/r - 14/(-2). What is the highest common factor of 323 and c?
17
Let k(s) = 26 + 149 - 18*s + 11*s + 4*s + 29*s. Let a be k(0). Calculate the highest common divisor of 1